{"id":2,"date":"2019-08-08T11:44:33","date_gmt":"2019-08-08T14:44:33","guid":{"rendered":"https:\/\/brunaterribili.com.br\/site\/?page_id=2"},"modified":"2026-02-22T12:26:05","modified_gmt":"2026-02-22T15:26:05","slug":"sobre","status":"publish","type":"page","link":"https:\/\/brunaterribili.com.br\/site\/sobre\/","title":{"rendered":"Sobre"},"content":{"rendered":"<p><strong>Bruna Terribili<\/strong>\u00a0\u00e9 uma\u00a0<strong>Cl\u00ednica de Odontologia em Curitiba<\/strong> (Odonto Atrativa<sup>\u00ae<\/sup>) que presta atendimento para crian\u00e7as, adultos e idosos de forma multidisciplinar.<\/p>\n<p>Uma equipe de dentistas especializados em Harmoniza\u00e7\u00e3o Facial, Est\u00e9tica, Pr\u00f3tese Dent\u00e1ria, Implantodontia e Endodontia, atendendo tamb\u00e9m Cl\u00ednica Geral.<\/p>\n<p>Venha conferir e desfrutar de nossa qualidade.<\/p>\n<p><strong><a href=\"https:\/\/brunaterribili.com.br\/site\/?page_id=19\">Clique aqui<\/a><\/strong> e agende uma avalia\u00e7\u00e3o!<\/p>\n","protected":false},"excerpt":{"rendered":"<p>Bruna Terribili\u00a0\u00e9 uma\u00a0Cl\u00ednica de Odontologia em Curitiba (Odonto Atrativa\u00ae) que presta atendimento para crian\u00e7as, adultos e idosos de forma multidisciplinar. Uma equipe de dentistas especializados em Harmoniza\u00e7\u00e3o Facial, Est\u00e9tica, Pr\u00f3tese Dent\u00e1ria, Implantodontia e Endodontia, atendendo tamb\u00e9m Cl\u00ednica Geral. Venha conferir e desfrutar de nossa qualidade. Clique aqui e agende uma avalia\u00e7\u00e3o!<\/p>\n","protected":false},"author":1,"featured_media":0,"parent":0,"menu_order":0,"comment_status":"closed","ping_status":"closed","template":"","meta":{"om_disable_all_campaigns":false,"_monsterinsights_skip_tracking":false,"_monsterinsights_sitenote_active":false,"_monsterinsights_sitenote_note":"","_monsterinsights_sitenote_category":0,"footnotes":""},"class_list":["post-2","page","type-page","status-publish","hentry"],"acf":[],"aioseo_notices":[],"_links":{"self":[{"href":"https:\/\/brunaterribili.com.br\/site\/wp-json\/wp\/v2\/pages\/2"}],"collection":[{"href":"https:\/\/brunaterribili.com.br\/site\/wp-json\/wp\/v2\/pages"}],"about":[{"href":"https:\/\/brunaterribili.com.br\/site\/wp-json\/wp\/v2\/types\/page"}],"author":[{"embeddable":true,"href":"https:\/\/brunaterribili.com.br\/site\/wp-json\/wp\/v2\/users\/1"}],"replies":[{"embeddable":true,"href":"https:\/\/brunaterribili.com.br\/site\/wp-json\/wp\/v2\/comments?post=2"}],"version-history":[{"count":0,"href":"https:\/\/brunaterribili.com.br\/site\/wp-json\/wp\/v2\/pages\/2\/revisions"}],"wp:attachment":[{"href":"https:\/\/brunaterribili.com.br\/site\/wp-json\/wp\/v2\/media?parent=2"}],"curies":[{"name":"wp","href":"https:\/\/api.w.org\/{rel}","templated":true}]}}